e 16) to base 14
2
What is 5 (base 7) in base 6?
5
Convert -b (base 15) to base 12.
-b
Convert -3 (base 8) to base 14.
-3
What is 2 (base 14) in base 2?
10
Convert -101 (base 2) to base 3.
-12
What is -37 (base 9) in base 8?
-42
25 (base 15) to base 14
27
Convert 144 (base 12) to base 5.
1241
What is -7 (base 14) in base 12?
-7
3 (base 14) to base 16
3
Convert c (base 16) to base 5.
22
-103 (base 6) to base 12
-33
Convert -30 (base 15) to base 11.
-41
What is 49 (base 11) in base 2?
110101
Convert -137 (base 9) to base 16.
-73
What is -66 (base 8) in base 5?
-204
What is -15 (base 13) in base 5?
-33
Convert 10 (base 3) to base 13.
3
What is 10 (base 2) in base 8?
2
Convert 3 (base 7) to base 14.
3
0 (base 12) to base 10
0
-12 (base 10) to base 14
-c
What is 0 (base 16) in base 15?
0
Convert -11220 (base 3) to base 9.
-156
Convert 156 (base 11) to base 14.
d0
What is 3 (base 15) in base 13?
3
6 (base 15) to base 4
12
Convert -3 (base 9) to base 4.
-3
-58 (base 15) to base 4
-1103
Convert 32 (base 11) to base 10.
35
Convert -87 (base 16) to base 15.
-90
What is 8 (base 15) in base 12?
8
-c3 (base 16) to base 10
-195
Convert -2 (base 12) to base 4.
-2
-14 (base 5) to base 10
-9
What is 124 (base 12) in base 13?
103
-3 (base 10) to base 9
-3
Convert 44 (base 11) to base 14.
36
-234 (base 10) to base 6
-1030
Convert -112 (base 4) to base 10.
-22
Convert -375 (base 8) to base 6.
-1101
Convert -16 (base 10) to base 14.
-12
What is -1 (base 3) in base 13?
-1
What is -8 (base 13) in base 15?
-8
What is 49 (base 16) in base 11?
67
f (base 16) to base 5
30
-22 (base 4) to base 9
-11
Convert 200 (base 3) to base 13.
15
Convert 315 (base 8) to base 7.
412
Convert 3 (base 4) to base 7.
3
8 (base 11) to base 9
8
What is -5 (base 8) in base 11?
-5
What is 0 (base 8) in base 9?
0
Convert -10 (base 3) to base 9.
-3
-12 (base 6) to base 16
-8
What is -186 (base 9) in base 6?
-423
-133 (base 4) to base 8
-37
Convert -60 (base 9) to base 13.
-42
Convert -5 (base 13) to base 5.
-10
-110101 (base 2) to base 5
-203
Convert -2 (base 12) to base 13.
-2
What is 1130 (base 5) in base 7?
324
100111 (base 2) to base 9
43
-11 (base 12) to base 2
-1101
Convert -2 (base 3) to base 2.
-10
Convert -10 (base 12) to base 6.
-20
What is -11 (base 7) in base 11?
-8
What is -11 (base 8) in base 5?
-14
What is -103 (base 6) in base 11?
-36
Convert 1001010 (base 2) to base 6.
202
Convert 12 (base 4) to base 13.
6
23 (base 12) to base 7
36
1 (base 11) to base 13
1
What is -3 (base 7) in base 14?
-3
Convert -7 (base 10) to base 3.
-21
-2 (base 3) to base 7
-2
-122 (base 4) to base 3
-222
-1000 (base 2) to base 11
-8
What is 53 (base 8) in base 11?
3a
What is 67 (base 16) in base 4?
1213
Convert -7 (base 14) to base 12.
-7
Convert -1 (base 15) to base 5.
-1
Convert 1 (base 12) to base 7.
1
-3b (base 14) to base 15
-38
Convert 11 (base 2) to base 11.
3
What is 3 (base 12) in base 8?
3
What is -10110 (base 2) in base 13?
-19
125 (base 6) to base 13
41
Convert -1 (base 5) to base 8.
-1
7 (base 13) to base 9
7
What is b (base 14) in base 8?
13
What is -106 (base 7) in base 10?
-55
2 (base 10) to base 14
2
Convert 62 (base 10) to base 14.
46
Convert 110 (base 2) to base 3.
20
Convert 15 (base 6) to base 7.
14
Convert 21 (base 3) to base 13.
7
Convert -11011 (base 2) to base 10.
-27
Convert -3 (base 15) to base 2.
-11
-3 (base 6) to base 15
-3
20 (base 12) to base 16
18
-101 (base 8) to base 6
-145
Convert -2212 (base 4) to base 16.
-a6
What is -40 (base 6) in base 5?
-44
100 (base 2) to base 12
4
What is -35 (base 11) in base 12?
-32
-5 (base 8) to base 13
-5
Convert 41 (base 7) to base 13.
23
Convert 1000 (base 3) to base 5.
102
Convert 1 (base 5) to base 7.
1
Convert 22 (base 3) to base 16.
8
What is 110 (base 3) in base 12?
10
What is -e (base 15) in base 3?
-112
87 (base 16) to base 11
113
-25 (base 6) to base 14
-13
Convert -44 (base 11) to base 4.
-300
What is 12 (base 4) in base 16?
6
What is -23 (base 11) in base 7?
-34
Convert a (base 11) to base 14.
a
Convert 2 (base 8) to base 11.
2
-26 (base 9) to base 4
-120
Convert 20 (base 6) to base 12.
10
What is -71 (base 13) in base 3?
-10102
-45 (base 9) to base 5
-131
Convert 40 (base 15) to base 7.
114
Convert 1 (base 2) to base 14.
1
-20 (base 4) to base 15
-8
-1001110 (base 2) to base 5
-303
What is 12 (base 7) in base 5?
14
What is 42 (base 8) in base 12?
2a
23 (base 5) to base 10
13
What is 102 (base 3) in base 8?
13
Convert 1013 (base 4) to base 6.
155
Convert -1c (base 15) to base 12.
-23
Convert -1 (base 7) to base 15.
-1
What is -219 (base 11) in base 8?
-406
Convert -1c (base 15) to base 2.
-11011
What is -73 (base 10) in base 16?
-49
1222 (base 4) to base 13
82
Convert -38 (base 9) to base 15.
-25
What is 4 (base 16) in base 8?
4
Convert -21 (base 5) to base 8.
-13
2 (base 5) to base 14
2
Convert 43 (base 9) to base 6.
103
11101111 (base 2) to base 12
17b
What is 143 (base 5) in base 6?
120
-1001 (base 7) to base 8
-530
Convert 3 (base 9) to base 7.
3
What is 11 (base 9) in base 7?
13
Convert 156 (base 8) to base 10.
110
What is a (base 16) in base 6?
14
What is 2222 (base 4) in base 7?
332
What is 1 (base 16) in base 6?
1
51 (base 7) to base 16
24
Convert -101 (base 5) to base 9.
-28
-11 (base 6) to base 2
-111
What is -33 (base 4) in base 14?
-11
-16 (base 8) to base 9
-15
Convert 70 (base 13) to base 9.
111
Convert -5 (base 9) to base 11.
-5
-7 (base 12) to base 14
-7
What is 20 (base 7) in base 3?
112
25 (base 6) to base 3
122
Convert 552 (base 6) to base 12.
158
Convert 1011 (base 2) to base 5.
21
What is -300 (base 5) in base 13?
-5a
What is 0 (base 8) in base 12?
0
What is -20221 (base 3) in base 5?
-1222
What is -87 (base 10) in base 8?
-127
42 (base 6) to base 5
101
Convert -4 (base 5) to base 14.
-4
-13 (base 9) to base 14
-c
Convert 78 (base 15) to base 10.
113
What is -3 (base 15) in base 4?
-3
-3 (base 13) to base 16
-3
Convert -141 (base 8) to base 16.
-61
What is -10010 (base 2) in base 9?
-20
11100 (base 2) to base 15
1d
Convert 542 (base 7) to base 6.
1135
-10 (base 7) to base 6
-11
Convert -2 (base 10) to base 2.
-10
-23 (base 11) to base 16
-19
Convert -45 (base 13) to base 15.
-3c
10 (base 6) to base 16
6
-12 (base 3) to base 4
-11
What is 1 (base 9) in base 12?
1
What is 22 (base 7) in base 11?
15
3212 (base 4) to base 16
e6
1232 (base 4) to base 12
92
Convert -12 (base 8) to base 5.
-20
Convert -3 (base 15) to base 5.
-3
What is -2 (base 16) in base 13?
-2
-22 (base 15) to base 8
-40
-14 (base 7) to base 8
-13
Convert 8 (base 15) to base 4.
20
Convert 112 (base 4) to base 11.
20
What is 10 (base 2) in base 15?
2
Convert 221 (base 8) to base 14.
a5
10 (base 4) to base 10
4
Convert 21 (base 7) to base 11.
14
What is 5 (base 9) in base 6?
5
What is 77 (base 16) in base 3?
11102
What is 36 (base 15) in base 7?
102
What is -7 (base 8) in base 11?
-7
What is -2 (base 10) in base 7?
-2
What is -127 (base 8) in base 7?
-153
What is 24 (base 7) in base 12?
16
-528 (base 9) to base 8
-657
Convert 7 (base 9) to base 4.
13
Convert -2212 (base 3) to base 16.
-4d
-200 (base 4) to base 10
-32
What is 135 (base 8) in base 6?
233
What is -c3 (base 15) in base 10?
-183
Convert 2 (base 10) to base 14.
2
What is -377 (base 8) in base 7?
-513
What is 3 (base 4) in base 7?
3
0 (base 3) to base 13
0
-2 (base 15) to base 3
-2
What is -29 (base 11) in base 14?
-23
Convert -2 (base 9) to base 4.
-2
What is -3 (base 16) in base 4?
-3
What is -3 (base 9) in base 10?
-3
Convert -101 (base 2) to base 4.
-11
Convert 58 (base 10) to base 6.
134
What is 10 (base 7) in base 9?
7
Convert 3 (base 7) to base 12.
3
11 (base 3) to base 13
4
What is 5 (base 11) in base 8?
5
Convert 1 (base 16) to base 8.
1
4 (base 13) to base 7
4
What is 0 (base 5) in base 7?
0
What is 12 (base 6) in base 8?
10
What is 110 (base 5) in base 12?
26
What is 100 (base 2) in base 10?
4
Convert 3 (base 13) to base 9.
3
-8 (base 11) to base 8
-10
211 (base 3) to base 6
34
128 (base 10) to base 6
332
Convert -22 (base 9) to base 16.
-14
What is -90 (base 10) in base 11?
-82
Convert -13 (base 12) to base 4.
-33
3 (base 10) to base 4
3
What is -10 (base 6) in base 8?
-6
-1001111 (base 2) to base 3
-2221
0 (base 8) to base 12
0
Convert 8 (base 12) to base 2.
1000
Conv